hat is the tens digit of d?
6
Let r be -1 + 5 + (-1 - 3). Let v(u) = 2*u + 15. What is the units digit of v(r)?
5
Let v(l) = -l**3 + 10*l**2 - 3*l + 24. What is the units digit of v(7)?
0
Suppose 2*t - 684 = -2*l, 0 = -3*t + 3*l + 585 + 417. What is the hundreds digit of t?
3
Let n = 731 + -329. What is the hundreds digit of n?
4
Let m(s) = -10*s**2 + 4*s + 4. Let a be m(-2). Let c = 81 - a. What is the hundreds digit of c?
1
What is the tens digit of (2 - -2) + (-2 - -727) + 8?
3
Suppose -4*i - 7 = -143. Suppose -4*n + 5*c = -107, 2*c - i = -2*n + 24. Let x = -10 + n. What is the units digit of x?
8
Let s(j) = j**2 + 6*j + 4. Let f be s(-5). Let c = 14 - f. What is the units digit of c?
5
Suppose 5*i = 58 - 43. Let l(q) = 34*q + 27. What is the units digit of l(i)?
9
Suppose -91*y = -87*y + 144. Let n be (-6)/9 - (-128)/(-6). Let g = n - y. What is the tens digit of g?
1
Let a(q) = -q**2 - 25*q + 30. Let s = 13 + -36. What is the tens digit of a(s)?
7
Let a be 131*1/3*3. Let l = 204 - 122. Let b = a - l. What is the units digit of b?
9
Let z be 27 + 1/4*4. Let b = z - 24. Suppose x = b*r + 1, -3*x + 27 = r - 41. What is the tens digit of x?
2
Let m(a) = -109*a**3 + 3*a**2 + a - 6. What is the units digit of m(-2)?
6
Let v be 5/((-25)/(-10)) - -3. Suppose 716 = v*k - 219. What is the hundreds digit of k?
1
Let l be 0*((-4)/(-6) + (-2)/(-6)). Suppose l = 4*t - 69 - 299. What is the units digit of t?
2
Let s(n) = n**2 - 5*n + 6. Let q be s(5). What is the units digit of (q/(-15))/((-1)/5)?
2
Let y(s) = 4*s**2 - 2. Let u be y(-1). Suppose -u*h + 42 = o, h - 2*o - 7 - 9 = 0. What is the units digit of h?
0
Suppose 0*b + 3 = 3*b. Let m(k) = 21*k**2 + 2*k - 1. Let o be m(b). What is the units digit of o/(-33)*(-33)/2?
1
Let c(t) = 4*t**2 + 9*t - 17. Suppose -4*o - z = -22, z = o - 0*z - 3. What is the units digit of c(o)?
8
What is the hundreds digit of ((-95)/3)/(1/(-12))?
3
Let s = -8415 + 11783. What is the hundreds digit of s?
3
Suppose 343 + 2159 = 2*y. What is the units digit of y?
1
Let p = -3 - -4. Suppose 2*m = -13 + 3. What is the units digit of p*(-2 - (2 + m))?
1
Let x(d) = -22*d - 34. What is the tens digit of x(-16)?
1
Let g = -118 + 124. Let x = -210 - -345. Suppose -g*n = -n - x. What is the tens digit of n?
2
Suppose -4*f + 7*f = -o - 129, -2*f - 85 = o. Let c = -31 - f. Suppose -2*g + 0*g + c = -b, b = g - 4. What is the units digit of g?
9
Let t = 314 + 31. What is the hundreds digit of t?
3
Let y be (-2)/8 - 5/((-60)/(-117)). Let h = 107 - y. What is the tens digit of h?
1
Let s = -575 - -821. Let b = 111 - s. Let g = b + 190. What is the tens digit of g?
5
Let s(g) = 11*g**2 + 35*g - 11. Let h(b) = -5*b**2 - 6*b**2 + 9 + 6*b**2 - 3 - 17*b. Let a(p) = -13*h(p) - 6*s(p). What is the tens digit of a(8)?
1
Suppose 6 = m + 10. Let u = 45 + m. Suppose 5*p = u + 19. What is the tens digit of p?
1
What is the tens digit of (-3)/(45/(-660)*2/17)?
7
Let f(m) = -m**3 - 12*m**2 - 10*m + 9. Let s be f(-11). Let c be s - 7/((-28)/16). What is the tens digit of 2 + -3 - (c + -25)?
2
Let x(d) = -2*d - 3. Suppose -7 = 5*h + 13. What is the units digit of x(h)?
5
Suppose 15*s = 35*s - 24040. What is the units digit of s?
2
What is the tens digit of 626/(8 + (-90)/12)?
5
Let q be (3 + 2 + -1)*(-45)/(-30). Let t(s) = s**2 - 3*s + 8. What is the units digit of t(q)?
6
Suppose -12*l + 18*l = 594. What is the tens digit of l?
9
Suppose 3*b - 12 = 15. Let h(z) = 21*z**2 - z**3 - 5*z - 12 - 17*z**2 + 6*z**2. What is the units digit of h(b)?
4
Suppose 4*l = 9*l + y + 172, 5*l + 166 = 2*y. Let k = l - -269. What is the tens digit of k?
3
Let p(h) = -h**3 - 7*h**2 + 9*h + 4. Let d be p(-8). Let f be (d + (0 - -4))/(-2). Suppose 4*i + f*g - 240 = 4*g, 236 = 4*i - 2*g. What is the tens digit of i?
5
Suppose 5*o - x + 76 = -11, 4*x + 12 = 0. Let u = o + 6. What is the units digit of (u/5)/((-45)/600)?
2
Suppose 1308 = -3*h + 6*h - 5*b, 4*b = -h + 419. What is the units digit of h?
1
Let v(l) = 2*l + 13. Let x(d) = 1. Let j(a) = -v(a) + 2*x(a). Let y be 4/(-14) + 178/(-14). What is the units digit of j(y)?
5
Let k(j) = j**3 - 29*j**2 - 15*j + 8. What is the hundreds digit of k(31)?
4
Let b(w) = -1. Let i(g) = g**2 - 2*g - 58. Let c(x) = x**2 + 5*x + 3. Let n be c(-4). Let f(d) = n*i(d) - 6*b(d). What is the tens digit of f(0)?
6
Let q(s) be the third derivative of s**6/120 - s**5/20 - s**4/12 + 5*s**3/6 + 5*s**2. What is the tens digit of q(4)?
1
Let s(i) = 4*i - 3*i - 2*i. Let k be s(0). Suppose k*c + 37 = c. What is the tens digit of c?
3
Let r(i) = -i**3 + 11*i**2 - i + 13. Let u be r(11). Suppose 0 = 2*n - 0*n + u*w - 110, 5*w = 3*n - 133. What is the units digit of n?
1
Let j be (1 - 1) + (2 - 2). Suppose j = 5*o + 2*t + 55, -t + 0*t + 55 = -5*o. Let p = 15 + o. What is the units digit of p?
4
Let d(i) = i**2 + i + 6. Let x be d(7). What is the units digit of 0/4 + 1*x?
2
Let a(g) = 3*g + 52. Let b be a(-16). What is the units digit of (-1218)/(-12) - b/(-8)?
2
Suppose 4*j + 440 = 6*j. Suppose 0 = -n - a + j, -2*n + 0*n + 444 = a. What is the tens digit of n?
2
Let c be (-42)/(-35)*(-20)/(-6). Let s = c + -13. What is the units digit of (s/6)/(18/(-84))?
7
Let s(l) be the second derivative of -3*l**3/2 - 5*l**2/2 + 4*l. What is the units digit of s(-8)?
7
Let y = 17 + 6. Suppose 0 = -22*t + y*t - 3. Let p(d) = 2*d**3 - 4*d**2 + 7*d - 1. What is the tens digit of p(t)?
3
Let s(x) = 5*x**2 - x + 7. Let m(o) = -o**2 - 1. Let c(d) = 6*m(d) + s(d). Let f be c(-2). Let k = f + 4. What is the units digit of k?
3
Suppose k = -6*h + 2*h, 4*h = -5*k. Suppose -r + 83 = -0*r + 4*f, -r - 2*f + 81 = h. What is the units digit of r?
9
Let g = 2 - 0. Let s be (5 - 5)/(1*3). Let m = s + g. What is the units digit of m?
2
Suppose 34*f - 12315 = 6827. What is the tens digit of f?
6
Let j(g) = -5*g + 14 - 11 + 2*g. Let k(t) = -t. Let p(z) = j(z) + 5*k(z). What is the tens digit of p(-3)?
2
Suppose 14*i - 1723 = 4493. What is the tens digit of i?
4
Suppose -2*z + 73 = f, 2*z = -5*f - 14 + 107. Suppose 4*d - z = 714. What is the tens digit of d?
8
Suppose j = 5*j. Suppose -2*d + j*d = -24. Suppose 0 = -d*r + 14*r - 40. What is the tens digit of r?
2
Let q(n) be the first derivative of n**4/4 - n**2/2 + 29*n + 8. Let p be q(0). What is the units digit of 7/35 - p/(-5)?
6
Let q(h) = 8*h - 21. Let s be q(3). Suppose 0 = -5*u + 3*c + 925, c - 151 + 710 = s*u. What is the units digit of u?
8
What is the units digit of 121/484 + ((-10614)/(-8) - 1)?
6
Suppose -2*p + 4*k = 7 + 5, 3*p - 5*k + 17 = 0. Let o be -6 + 15/(-90) + 26/12. What is the units digit of (4 + o - p) + 25?
9
Let v be (16/(-10))/(14/(-35)). Suppose -o + 1 = -v. Suppose 0 = 2*s + o*w - 72, -5*w + 48 = 4*s - 76. What is the tens digit of s?
2
Let k be (-26 + 0)*9*(-1)/6. Let o = k - 18. What is the tens digit of o?
2
Suppose -140 = -f + p, 1 = 4*p + 21. Let n = f - -31. What is the units digit of n?
6
What is the units digit of -3*(-161 - (-3 + 7))?
5
Let i be 3/(-15) - (-588)/(-10). Let a = i + 39. Let q = -4 - a. What is the tens digit of q?
1
Let i(c) = -2*c + 4. Let l be i(-4). Suppose -l*y + 243 = -3*y. What is the units digit of y?
7
Let h = -140 + 80. Let c = 126 + h. Suppose -m = 2*m - c. What is the units digit of m?
2
Let m be 2/6*(-180)/(-15). Suppose -m*z + 113 = 2*k + z, 0 = 2*z - 10. What is the units digit of k?
4
Suppose 407*j + 22814 = 441*j. What is the units digit of j?
1
Let m(c) = c**2 - 3*c + 5. Let k be m(3). Suppose -4*z - k = -9*z. What is the units digit of z?
1
Suppose -7*h - 8*h - 2835 = 0. Let j = h + 413. What is the tens digit of j?
2
Suppose 14*c = 25*c - 759. What is the tens digit of c?
6
Suppose 0 = 5*p - 0*p - 15. Let c(u) = 5*u**2 - u + 5. What is the tens digit of c(p)?
4
What is the hundreds digit of (-4175)/(-3) - (100/15 - 8)?
3
Suppose -4*v + 16 = 2*f - 48, 2*v - 160 = -5*f. Suppose -203 = -5*q - 53. Let j = f - q. What is the units digit of j?
2
Let x = 415 - 153. What is the hundreds digit of x?
2
Suppose -l + 1067 = -2*n, -19*n + 2126 = 2*l - 15*n. What is the units digit of l?
5
Suppose -4*s = m + 2*m - 9, m - 4*s - 3 = 0. Suppose -32 = -f - m*f. Let j(z) = -z**2 + 10*z + 15. What is the tens digit of j(f)?
3
Suppose 2*r + 13 = 3*r + 3*i, -2*r - 4*i = -20. Let t = r -